{"id":7563,"date":"2025-03-28T09:19:19","date_gmt":"2025-03-28T09:19:19","guid":{"rendered":"https:\/\/select-fotostudio.ch\/appointment-change\/"},"modified":"2025-03-28T09:19:33","modified_gmt":"2025-03-28T09:19:33","slug":"appointment-change","status":"publish","type":"page","link":"https:\/\/select-fotostudio.ch\/fr\/appointment-change\/","title":{"rendered":"Modifier le rendez-vous"},"content":{"rendered":"<div class=\"wpb-content-wrapper\"><p>[vc_section css=&#8221;.vc_custom_1732635031900{background-color: linear-gradient(to bottom, #000000 0%, #2a2c2f 100%) !important;}&#8221;][vc_row css=&#8221;.vc_custom_1732635362089{margin-top: 0px !important;margin-bottom: 0px !important;padding-top: 0px !important;padding-bottom: 0px !important;}&#8221; el_class=&#8221;light&#8221;][vc_column width=&#8221;2\/3&#8243; css=&#8221;.vc_custom_1720600755249{margin-bottom: 0px !important;padding-top: 3% !important;padding-bottom: 0px !important;}&#8221;][vc_column_text css=&#8221;.vc_custom_1732635229566{margin-bottom: 2vh !important;padding-bottom: 0px !important;}&#8221;]<\/p>\n<h1 style=\"text-align: left;\">Options d&#8217;annulation<\/h1>\n<p>[\/vc_column_text][vc_column_text css=&#8221;.vc_custom_1732635251517{padding-bottom: 2% !important;}&#8221;]<\/p>\n<h4 style=\"text-align: left;\"><span style=\"color: #ffcd00;\"><em>&#8220;Nous sommes le studio photo en Suisse avec les conditions d&#8217;annulation les plus flexibles&#8221;.<\/em><\/span><\/h4>\n<p>[\/vc_column_text][\/vc_column][vc_column width=&#8221;1\/3&#8243;][\/vc_column][\/vc_row][vc_row full_width=&#8221;&#8221; el_class=&#8221;light&#8221; css=&#8221;.vc_custom_1732635512347{margin-top: 0px !important;padding-top: 0px !important;}&#8221;][vc_column width=&#8221;2\/3&#8243; css=&#8221;.vc_custom_1723021332762{margin-top: -3vh !important;}&#8221;][vc_column_text css=&#8221;.vc_custom_1724924197814{margin-bottom: 0px !important;padding-bottom: 20px !important;}&#8221;]<\/p>\n<h5>Annulation de rendez-vous jusqu&#8217;\u00e0 4 heures avant le d\u00e9but de la s\u00e9ance photo<\/h5>\n<p>Il est dommage que vous ne puissiez pas vous rendre au rendez-vous. Vous pouvez annuler le rendez-vous en cliquant sur le lien dans l&#8217;e-mail de confirmation. Le rendez-vous sera alors automatiquement annul\u00e9. Vous n&#8217;avez pas besoin de nous appeler ou de nous contacter par e-mail. Nous serons ravis de vous proposer un nouveau rendez-vous.    <\/p>\n<h5>Comment annuler votre rendez-vous<\/h5>\n<p>[\/vc_column_text]<div  class=\"wpb_content_element   vc_custom_1724923940694 clearfix\"><style type=\"text\/css\">#ut_am_69f297fe689f0 { opacity: 1; }#ut_am_wrap_69f297fe689f2 img,#ut_am_wrap_69f297fe689f2 .ut-image-gallery-image-caption,#ut_am_wrap_69f297fe689f2 .ut-box-shadow-container,#ut_am_wrap_69f297fe689f2 .ut-box-shadow-container-inner,#ut_am_wrap_69f297fe689f2 .ut-block-revealer-element-container,#ut_am_wrap_69f297fe689f2 .ut-animated-image-zoom { -webkit-border-radius: 20px; -moz-border-radius: 20px; border-radius: 20px; }#ut_am_wrap_69f297fe689f2 .ut-image-gallery-item-caption-title h3 { letter-spacing: 0em; }#ut_am_wrap_69f297fe689f2 .ut-gallery-slider-caption { font-weight: bold; }#ut_am_wrap_69f297fe689f2 { text-align: left; }@media (min-width: 768px) and (max-width: 1024px) { #ut_am_wrap_69f297fe689f2 { text-align: left !important; } }@media (max-width: 767px) { #ut_am_wrap_69f297fe689f2 { text-align: center !important; } }<\/style><div id=\"ut_am_wrap_69f297fe689f2\" class=\"ut-image-gallery-image \"><div id=\"ut_reveal_69f297fe689f4\"  data-appear-top-offset=\"auto\" class=\"ut-animated-image-item ut-image-gallery-item ut-animation-done \"><a data-exthumbimage=\"https:\/\/select-fotostudio.ch\/wp-content\/uploads\/2024\/07\/Stornierung-200x200.gif\" href=\"https:\/\/select-fotostudio.ch\/wp-content\/uploads\/2024\/07\/Stornierung.gif\" class=\"ut-vc-images-lightbox ut-wait-for-plugin\" ><div class=\"ut-animated-image-zoom\"><img decoding=\"async\" class=\"ut-lazy skip-lazy ut-animated-image \" id=\"ut_am_69f297fe689f0\" src=\"data:image\/svg+xml;charset=utf-8,%3Csvg xmlns%3D&#039;http%3A%2F%2Fwww.w3.org%2F2000%2Fsvg&#039; viewBox%3D&#039;0 0 784 622&#039;%2F%3E\" data-src=\"https:\/\/select-fotostudio.ch\/wp-content\/uploads\/2024\/07\/Stornierung.gif\" width=\"784\" height=\"622\" alt=\"\" title=\"\"><\/div><\/a><\/div><\/div><\/div>[vc_column_text css=&#8221;.vc_custom_1720600073215{margin-bottom: 0px !important;padding-bottom: 20px !important;}&#8221;]<\/p>\n<h5>Annulation de rendez-vous moins de 4 heures avant le d\u00e9but de la s\u00e9ance photo<\/h5>\n<p>Il n&#8217;est malheureusement plus possible d&#8217;annuler ou de reporter. Notre syst\u00e8me de prix est bas\u00e9 sur des r\u00e9servations fermes, pour lesquelles un photographe est planifi\u00e9 de mani\u00e8re fixe. Les annulations de derni\u00e8re minute entra\u00eenent des temps morts et des co\u00fbts suppl\u00e9mentaires. C&#8217;est la seule fa\u00e7on pour nous de toujours vous proposer des prix bas. Nous traitons tous nos clients de la m\u00eame mani\u00e8re. -&gt;  Vous n&#8217;avez rien d&#8217;autre \u00e0 faire. Nous vous enverrons une facture par e-mail dans les 48 heures. Nous vous remercions de votre compr\u00e9hension.[\/vc_column_text][vc_column_text css=&#8221;.vc_custom_1720600089748{margin-bottom: 0px !important;padding-bottom: 20px !important;}&#8221;]<\/p>\n<h5>No-show : rendez-vous manqu\u00e9<\/h5>\n<p>Si vous ne vous pr\u00e9sentez pas \u00e0 votre rendez-vous, nous ne pouvons malheureusement pas le rattraper ou le reporter. Notre syst\u00e8me de prix est bas\u00e9 sur des r\u00e9servations fermes, pour lesquelles un photographe est planifi\u00e9 de mani\u00e8re fixe. Les no-shows entra\u00eenent des temps morts et des co\u00fbts suppl\u00e9mentaires. C&#8217;est la seule fa\u00e7on pour nous de vous proposer des prix toujours bas. Nous vous prions de comprendre que nous traitons tous les clients de la m\u00eame mani\u00e8re. -&gt;  Vous n&#8217;avez rien d&#8217;autre \u00e0 faire. Nous vous enverrons une facture par e-mail dans les 48 heures. Nous vous remercions de votre compr\u00e9hension.[\/vc_column_text][\/vc_column][vc_column width=&#8221;1\/3&#8243;][\/vc_column][\/vc_row][vc_row full_width=&#8221;&#8221; content_placement=&#8221;middle&#8221; el_class=&#8221;light&#8221; css=&#8221;.vc_custom_1732635590833{margin-bottom: 6vh !important;padding-top: 2vh !important;padding-right: 3% !important;padding-bottom: 0px !important;padding-left: 3% !important;background-color: linear-gradient(to top, #ffce00 0%, #ff9406 100%) !important;border-radius: 20px !important;}&#8221;][vc_column width=&#8221;2\/3&#8243; css=&#8221;.vc_custom_1732635565958{margin-top: 0px !important;margin-bottom: 4% !important;padding-top: 2% !important;padding-right: 3% !important;padding-bottom: 2% !important;padding-left: 3% !important;border-radius: 25px !important;}&#8221; offset=&#8221;vc_col-xs-12&#8243;][vc_column_text css=&#8221;.vc_custom_1720626583443{padding-top: 25px !important;}&#8221;]<\/p>\n<h3 style=\"text-align: center;\">Contact<\/h3>\n<p style=\"text-align: center;\">Si vous avez des questions ou des doutes, n&#8217;h\u00e9sitez pas \u00e0 nous contacter \ud83d\ude0a.<br \/>\nVeuillez noter que vous pouvez nous contacter sur ces sujets uniquement par e-mail \u2709\ufe0f.<\/p>\n<p>[\/vc_column_text]<style type=\"text\/css\">#bklyn_btn_69f297fe6bbaa .bklyn-btn { color:#FFFFFF !important; border-color:#ffffff !important; border-width:2px !important; }#bklyn_btn_69f297fe6bbaa .bklyn-btn:hover{ color:#FFCA00 !important; border-color:#ffffff !important; background-color:#ffffff !important; }#bklyn_btn_69f297fe6bbaa .bklyn-btn:focus{ color:#FFCA00 !important; border-color:#ffffff !important; background-color:#ffffff !important; }#bklyn_btn_69f297fe6bbaa .bklyn-btn:active { color:#FFCA00 !important; border-color:#ffffff !important; background-color:#ffffff !important; }#bklyn_btn_69f297fe6bbaa a.bklyn-btn { font-weight:600 !important; }#bklyn_btn_69f297fe6bbaa.bklyn-btn-header a.bklyn-btn { font-weight:600 !important; }#bklyn_btn_69f297fe6bbaa.bklyn-btn-header a.bklyn-btn span { font-weight:600 !important; }<\/style><div id=\"bklyn_btn_69f297fe6bbaa\" class=\"bklyn-btn-holder  bklyn-btn-center bklyn-btn-tablet-center bklyn-btn-mobile-center\"><a title=\"Contact\"   href=\"https:\/\/select-fotostudio.ch\/kontakt\/\" target=\"_self\" class=\"bklyn-btn  bklyn-btn-outline bklyn-btn-normal\" ><span class=\"ut-btn-text\">Contactez-nous<\/span><\/a><\/div>[\/vc_column][vc_column width=&#8221;1\/3&#8243; css=&#8221;.vc_custom_1732635556630{padding-right: 4% !important;padding-left: 4% !important;}&#8221;]<div  class=\"wpb_content_element   vc_custom_1724923993391 clearfix\"><style type=\"text\/css\">#ut_am_69f297fe6cf96 { opacity: 1; }#ut_am_wrap_69f297fe6cf98 .ut-image-gallery-item-caption-title h3 { letter-spacing: 0em; }#ut_am_wrap_69f297fe6cf98 .ut-gallery-slider-caption { color: #ffffff; }#ut_am_wrap_69f297fe6cf98 .ut-gallery-slider-caption { font-size: 20px; }#ut_am_wrap_69f297fe6cf98 .ut-gallery-slider-caption { font-weight: bold; }#ut_am_wrap_69f297fe6cf98 { text-align: center; }@media (min-width: 768px) and (max-width: 1024px) { #ut_am_wrap_69f297fe6cf98 { text-align: center !important; } }@media (max-width: 767px) { #ut_am_wrap_69f297fe6cf98 { text-align: center !important; } }<\/style><div id=\"ut_am_wrap_69f297fe6cf98\" class=\"ut-image-gallery-image \"><div id=\"ut_reveal_69f297fe6cf99\"  data-appear-top-offset=\"auto\" class=\"ut-animated-image-item ut-image-gallery-item ut-animation-done \"><a class=\"ut-deactivated-link\" href=\"#\"><div class=\"ut-animated-image-zoom\"><img decoding=\"async\" class=\"ut-lazy skip-lazy ut-animated-image \" id=\"ut_am_69f297fe6cf96\" src=\"data:image\/svg+xml;charset=utf-8,%3Csvg xmlns%3D&#039;http%3A%2F%2Fwww.w3.org%2F2000%2Fsvg&#039; viewBox%3D&#039;0 0 250 250&#039;%2F%3E\" data-src=\"https:\/\/select-fotostudio.ch\/wp-content\/uploads\/2024\/07\/Sharon_Kreis-1.png\" width=\"250\" height=\"250\" alt=\"\" title=\"\"><\/div><\/a><\/div><\/div><\/div>[vc_column_text css=&#8221;.vc_custom_1724923999372{margin-top: 0px !important;padding-top: 0px !important;}&#8221;]<\/p>\n<h6 style=\"text-align: center;\">Sharon Stucki &#8211; Responsable des studios Select Fotostudios<\/h6>\n<p>[\/vc_column_text][\/vc_column][\/vc_row][\/vc_section]<\/p>\n<\/div>","protected":false},"excerpt":{"rendered":"<p>[vc_section css=&#8221;.vc_custom_1732635031900{background-color: linear-gradient(to bottom, #000000 0%, #2a2c2f 100%) !important;}&#8221;][vc_row css=&#8221;.vc_custom_1732635362089{margin-top: 0px !important;margin-bottom: 0px !important;padding-top: 0px !important;padding-bottom: 0px !important;}&#8221; el_class=&#8221;light&#8221;][vc_column width=&#8221;2\/3&#8243; css=&#8221;.vc_custom_1720600755249{margin-bottom: 0px !important;padding-top: 3% !important;padding-bottom: 0px !important;}&#8221;][vc_column_text css=&#8221;.vc_custom_1732635229566{margin-bottom: 2vh !important;padding-bottom: 0px !important;}&#8221;] Options d&#8217;annulation [\/vc_column_text][vc_column_text css=&#8221;.vc_custom_1732635251517{padding-bottom: 2% !important;}&#8221;] &#8220;Nous sommes le studio photo en Suisse avec les conditions d&#8217;annulation les plus flexibles&#8221;. [\/vc_column_text][\/vc_column][vc_column width=&#8221;1\/3&#8243;][\/vc_column][\/vc_row][vc_row full_width=&#8221;&#8221; [&hellip;]<\/p>\n","protected":false},"author":1,"featured_media":0,"parent":0,"menu_order":0,"comment_status":"closed","ping_status":"closed","template":"","meta":{"footnotes":""},"class_list":["post-7563","page","type-page","status-publish","hentry"],"_links":{"self":[{"href":"https:\/\/select-fotostudio.ch\/fr\/wp-json\/wp\/v2\/pages\/7563","targetHints":{"allow":["GET"]}}],"collection":[{"href":"https:\/\/select-fotostudio.ch\/fr\/wp-json\/wp\/v2\/pages"}],"about":[{"href":"https:\/\/select-fotostudio.ch\/fr\/wp-json\/wp\/v2\/types\/page"}],"author":[{"embeddable":true,"href":"https:\/\/select-fotostudio.ch\/fr\/wp-json\/wp\/v2\/users\/1"}],"replies":[{"embeddable":true,"href":"https:\/\/select-fotostudio.ch\/fr\/wp-json\/wp\/v2\/comments?post=7563"}],"version-history":[{"count":0,"href":"https:\/\/select-fotostudio.ch\/fr\/wp-json\/wp\/v2\/pages\/7563\/revisions"}],"wp:attachment":[{"href":"https:\/\/select-fotostudio.ch\/fr\/wp-json\/wp\/v2\/media?parent=7563"}],"curies":[{"name":"wp","href":"https:\/\/api.w.org\/{rel}","templated":true}]}}

<div class="wpb-content-wrapper"><p>[vc_section css=&#8221;.vc_custom_1732635031900{background-color: linear-gradient(to bottom, #000000 0%, #2a2c2f 100%) !important;}&#8221;][vc_row css=&#8221;.vc_custom_1732635362089{margin-top: 0px !important;margin-bottom: 0px !important;padding-top: 0px !important;padding-bottom: 0px !important;}&#8221; el_class=&#8221;light&#8221;][vc_column width=&#8221;2/3&#8243; css=&#8221;.vc_custom_1720600755249{margin-bottom: 0px !important;padding-top: 3% !important;padding-bottom: 0px !important;}&#8221;][vc_column_text css=&#8221;.vc_custom_1732635229566{margin-bottom: 2vh !important;padding-bottom: 0px !important;}&#8221;]</p>
<h1 style="text-align: left;">Options d&#8217;annulation</h1>
<p>[/vc_column_text][vc_column_text css=&#8221;.vc_custom_1732635251517{padding-bottom: 2% !important;}&#8221;]</p>
<h4 style="text-align: left;"><span style="color: #ffcd00;"><em>&#8220;Nous sommes le studio photo en Suisse avec les conditions d&#8217;annulation les plus flexibles&#8221;.</em></span></h4>
<p>[/vc_column_text][/vc_column][vc_column width=&#8221;1/3&#8243;][/vc_column][/vc_row][vc_row full_width=&#8221;&#8221; el_class=&#8221;light&#8221; css=&#8221;.vc_custom_1732635512347{margin-top: 0px !important;padding-top: 0px !important;}&#8221;][vc_column width=&#8221;2/3&#8243; css=&#8221;.vc_custom_1723021332762{margin-top: -3vh !important;}&#8221;][vc_column_text css=&#8221;.vc_custom_1724924197814{margin-bottom: 0px !important;padding-bottom: 20px !important;}&#8221;]</p>
<h5>Annulation de rendez-vous jusqu&#8217;à 4 heures avant le début de la séance photo</h5>
<p>Il est dommage que vous ne puissiez pas vous rendre au rendez-vous. Vous pouvez annuler le rendez-vous en cliquant sur le lien dans l&#8217;e-mail de confirmation. Le rendez-vous sera alors automatiquement annulé. Vous n&#8217;avez pas besoin de nous appeler ou de nous contacter par e-mail. Nous serons ravis de vous proposer un nouveau rendez-vous.    </p>
<h5>Comment annuler votre rendez-vous</h5>
<p>[/vc_column_text]<div  class="wpb_content_element   vc_custom_1724923940694 clearfix"><style type="text/css">#ut_am_69f297fe689f0 { opacity: 1; }#ut_am_wrap_69f297fe689f2 img,#ut_am_wrap_69f297fe689f2 .ut-image-gallery-image-caption,#ut_am_wrap_69f297fe689f2 .ut-box-shadow-container,#ut_am_wrap_69f297fe689f2 .ut-box-shadow-container-inner,#ut_am_wrap_69f297fe689f2 .ut-block-revealer-element-container,#ut_am_wrap_69f297fe689f2 .ut-animated-image-zoom { -webkit-border-radius: 20px; -moz-border-radius: 20px; border-radius: 20px; }#ut_am_wrap_69f297fe689f2 .ut-image-gallery-item-caption-title h3 { letter-spacing: 0em; }#ut_am_wrap_69f297fe689f2 .ut-gallery-slider-caption { font-weight: bold; }#ut_am_wrap_69f297fe689f2 { text-align: left; }@media (min-width: 768px) and (max-width: 1024px) { #ut_am_wrap_69f297fe689f2 { text-align: left !important; } }@media (max-width: 767px) { #ut_am_wrap_69f297fe689f2 { text-align: center !important; } }</style><div id="ut_am_wrap_69f297fe689f2" class="ut-image-gallery-image "><div id="ut_reveal_69f297fe689f4"  data-appear-top-offset="auto" class="ut-animated-image-item ut-image-gallery-item ut-animation-done "><a data-exthumbimage="https://select-fotostudio.ch/wp-content/uploads/2024/07/Stornierung-200x200.gif" href="https://select-fotostudio.ch/wp-content/uploads/2024/07/Stornierung.gif" class="ut-vc-images-lightbox ut-wait-for-plugin" ><div class="ut-animated-image-zoom"><img decoding="async" class="ut-lazy skip-lazy ut-animated-image " id="ut_am_69f297fe689f0" src="data:image/svg+xml;charset=utf-8,%3Csvg xmlns%3D&#039;http%3A%2F%2Fwww.w3.org%2F2000%2Fsvg&#039; viewBox%3D&#039;0 0 784 622&#039;%2F%3E" data-src="https://select-fotostudio.ch/wp-content/uploads/2024/07/Stornierung.gif" width="784" height="622" alt="" title=""></div></a></div></div></div>[vc_column_text css=&#8221;.vc_custom_1720600073215{margin-bottom: 0px !important;padding-bottom: 20px !important;}&#8221;]</p>
<h5>Annulation de rendez-vous moins de 4 heures avant le début de la séance photo</h5>
<p>Il n&#8217;est malheureusement plus possible d&#8217;annuler ou de reporter. Notre système de prix est basé sur des réservations fermes, pour lesquelles un photographe est planifié de manière fixe. Les annulations de dernière minute entraînent des temps morts et des coûts supplémentaires. C&#8217;est la seule façon pour nous de toujours vous proposer des prix bas. Nous traitons tous nos clients de la même manière. -&gt;  Vous n&#8217;avez rien d&#8217;autre à faire. Nous vous enverrons une facture par e-mail dans les 48 heures. Nous vous remercions de votre compréhension.[/vc_column_text][vc_column_text css=&#8221;.vc_custom_1720600089748{margin-bottom: 0px !important;padding-bottom: 20px !important;}&#8221;]</p>
<h5>No-show : rendez-vous manqué</h5>
<p>Si vous ne vous présentez pas à votre rendez-vous, nous ne pouvons malheureusement pas le rattraper ou le reporter. Notre système de prix est basé sur des réservations fermes, pour lesquelles un photographe est planifié de manière fixe. Les no-shows entraînent des temps morts et des coûts supplémentaires. C&#8217;est la seule façon pour nous de vous proposer des prix toujours bas. Nous vous prions de comprendre que nous traitons tous les clients de la même manière. -&gt;  Vous n&#8217;avez rien d&#8217;autre à faire. Nous vous enverrons une facture par e-mail dans les 48 heures. Nous vous remercions de votre compréhension.[/vc_column_text][/vc_column][vc_column width=&#8221;1/3&#8243;][/vc_column][/vc_row][vc_row full_width=&#8221;&#8221; content_placement=&#8221;middle&#8221; el_class=&#8221;light&#8221; css=&#8221;.vc_custom_1732635590833{margin-bottom: 6vh !important;padding-top: 2vh !important;padding-right: 3% !important;padding-bottom: 0px !important;padding-left: 3% !important;background-color: linear-gradient(to top, #ffce00 0%, #ff9406 100%) !important;border-radius: 20px !important;}&#8221;][vc_column width=&#8221;2/3&#8243; css=&#8221;.vc_custom_1732635565958{margin-top: 0px !important;margin-bottom: 4% !important;padding-top: 2% !important;padding-right: 3% !important;padding-bottom: 2% !important;padding-left: 3% !important;border-radius: 25px !important;}&#8221; offset=&#8221;vc_col-xs-12&#8243;][vc_column_text css=&#8221;.vc_custom_1720626583443{padding-top: 25px !important;}&#8221;]</p>
<h3 style="text-align: center;">Contact</h3>
<p style="text-align: center;">Si vous avez des questions ou des doutes, n&#8217;hésitez pas à nous contacter 😊.<br />
Veuillez noter que vous pouvez nous contacter sur ces sujets uniquement par e-mail ✉️.</p>
<p>[/vc_column_text]<style type="text/css">#bklyn_btn_69f297fe6bbaa .bklyn-btn { color:#FFFFFF !important; border-color:#ffffff !important; border-width:2px !important; }#bklyn_btn_69f297fe6bbaa .bklyn-btn:hover{ color:#FFCA00 !important; border-color:#ffffff !important; background-color:#ffffff !important; }#bklyn_btn_69f297fe6bbaa .bklyn-btn:focus{ color:#FFCA00 !important; border-color:#ffffff !important; background-color:#ffffff !important; }#bklyn_btn_69f297fe6bbaa .bklyn-btn:active { color:#FFCA00 !important; border-color:#ffffff !important; background-color:#ffffff !important; }#bklyn_btn_69f297fe6bbaa a.bklyn-btn { font-weight:600 !important; }#bklyn_btn_69f297fe6bbaa.bklyn-btn-header a.bklyn-btn { font-weight:600 !important; }#bklyn_btn_69f297fe6bbaa.bklyn-btn-header a.bklyn-btn span { font-weight:600 !important; }</style><div id="bklyn_btn_69f297fe6bbaa" class="bklyn-btn-holder  bklyn-btn-center bklyn-btn-tablet-center bklyn-btn-mobile-center"><a title="Contact"   href="https://select-fotostudio.ch/kontakt/" target="_self" class="bklyn-btn  bklyn-btn-outline bklyn-btn-normal" ><span class="ut-btn-text">Contactez-nous</span></a></div>[/vc_column][vc_column width=&#8221;1/3&#8243; css=&#8221;.vc_custom_1732635556630{padding-right: 4% !important;padding-left: 4% !important;}&#8221;]<div  class="wpb_content_element   vc_custom_1724923993391 clearfix"><style type="text/css">#ut_am_69f297fe6cf96 { opacity: 1; }#ut_am_wrap_69f297fe6cf98 .ut-image-gallery-item-caption-title h3 { letter-spacing: 0em; }#ut_am_wrap_69f297fe6cf98 .ut-gallery-slider-caption { color: #ffffff; }#ut_am_wrap_69f297fe6cf98 .ut-gallery-slider-caption { font-size: 20px; }#ut_am_wrap_69f297fe6cf98 .ut-gallery-slider-caption { font-weight: bold; }#ut_am_wrap_69f297fe6cf98 { text-align: center; }@media (min-width: 768px) and (max-width: 1024px) { #ut_am_wrap_69f297fe6cf98 { text-align: center !important; } }@media (max-width: 767px) { #ut_am_wrap_69f297fe6cf98 { text-align: center !important; } }</style><div id="ut_am_wrap_69f297fe6cf98" class="ut-image-gallery-image "><div id="ut_reveal_69f297fe6cf99"  data-appear-top-offset="auto" class="ut-animated-image-item ut-image-gallery-item ut-animation-done "><a class="ut-deactivated-link" href="#"><div class="ut-animated-image-zoom"><img decoding="async" class="ut-lazy skip-lazy ut-animated-image " id="ut_am_69f297fe6cf96" src="data:image/svg+xml;charset=utf-8,%3Csvg xmlns%3D&#039;http%3A%2F%2Fwww.w3.org%2F2000%2Fsvg&#039; viewBox%3D&#039;0 0 250 250&#039;%2F%3E" data-src="https://select-fotostudio.ch/wp-content/uploads/2024/07/Sharon_Kreis-1.png" width="250" height="250" alt="" title=""></div></a></div></div></div>[vc_column_text css=&#8221;.vc_custom_1724923999372{margin-top: 0px !important;padding-top: 0px !important;}&#8221;]</p>
<h6 style="text-align: center;">Sharon Stucki &#8211; Responsable des studios Select Fotostudios</h6>
<p>[/vc_column_text][/vc_column][/vc_row][/vc_section]</p>
</div>
