{"id":7684,"date":"2025-03-28T09:20:33","date_gmt":"2025-03-28T09:20:33","guid":{"rendered":"https:\/\/select-fotostudio.ch\/noshow\/"},"modified":"2025-03-28T09:20:35","modified_gmt":"2025-03-28T09:20:35","slug":"noshow","status":"publish","type":"page","link":"https:\/\/select-fotostudio.ch\/fr\/noshow\/","title":{"rendered":"No-show ou annulation de rendez-vous \u00e0 court terme"},"content":{"rendered":"<div class=\"wpb-content-wrapper\"><p>[vc_section css=&#8221;.vc_custom_1732635031900{background-color: linear-gradient(to bottom, #000000 0%, #2a2c2f 100%) !important;}&#8221;][vc_row css=&#8221;.vc_custom_1732635362089{margin-top: 0px !important;margin-bottom: 0px !important;padding-top: 0px !important;padding-bottom: 0px !important;}&#8221; el_class=&#8221;light&#8221;][vc_column width=&#8221;2\/3&#8243; css=&#8221;.vc_custom_1720600755249{margin-bottom: 0px !important;padding-top: 3% !important;padding-bottom: 0px !important;}&#8221;][vc_column_text css=&#8221;.vc_custom_1741906532800{margin-bottom: 2vh !important;padding-bottom: 0px !important;}&#8221;]<\/p>\n<h1 style=\"text-align: left;\">NoShow ou annulation de rendez-vous \u00e0 court terme<\/h1>\n<p>[\/vc_column_text][vc_column_text css=&#8221;.vc_custom_1741906556626{padding-bottom: 2% !important;}&#8221;]<\/p>\n<p style=\"text-align: left;\"><em><span style=\"color: #ffcc00;\"><b>Noshow ou annulation moins de 4 heures avant le d\u00e9but du shooting<\/b><\/span><\/em><\/p>\n<p>[\/vc_column_text][\/vc_column][vc_column width=&#8221;1\/3&#8243;][\/vc_column][\/vc_row][vc_row full_width=&#8221;&#8221; el_class=&#8221;light&#8221; css=&#8221;.vc_custom_1741906688458{margin-top: 25px !important;padding-top: 0px !important;}&#8221;][vc_column width=&#8221;1\/2&#8243;][vc_column_text css=&#8221;.vc_custom_1741907162466{margin-bottom: 0px !important;}&#8221;]<\/p>\n<p class=\"p1\">Il n&#8217;est malheureusement <strong>plus possible<\/strong> de l&#8217;annuler ou de la reporter.<\/p>\n<h4 class=\"p1\"><b>\ud83d\udccc Pourquoi cela ?<\/b><b><\/b><\/h4>\n<p class=\"p1\">Nous comprenons que des situations inattendues peuvent se produire &#8211; cela arrive. En m\u00eame temps, nous sommes un <span class=\"s1\"><b>jeune studio de photographie<\/b><\/span>qui met l&#8217;accent sur <span class=\"s1\"><b>des prix justes<\/b><\/span> nous nous engageons. <span class=\"s2\">Malheureusement, nous sommes confront\u00e9s <\/span><b>quotidiennement \u00e0 des no-shows<\/b><span class=\"s2\">, ce qui est pour nous comparable \u00e0 une <\/span><b>chambre d&#8217;h\u00f4tel qui reste vide ou \u00e0 une table de restaurant qui a \u00e9t\u00e9 r\u00e9serv\u00e9e mais qui reste inoccup\u00e9e<\/b>.  <span class=\"s2\">. Les dommages restent \u00e0 notre charge :   <\/span><b>Notre \u00e9quipe est sur place, l&#8217;infrastructure du studio est pr\u00eate, les salaires sont en cours &#8211; mais le rendez-vous n&#8217;est pas honor\u00e9.<\/b><b><\/b><\/p>\n<h4 class=\"p4\"><b>Pourquoi nous avons besoin d&#8217;une r\u00e9glementation claire<\/b><b><\/b><\/h4>\n<p class=\"p3\"><span class=\"s2\">Chaque refus a des raisons individuelles que nous <\/span><b>sont bien entendu compr\u00e9hensibles<\/b><span class=\"s2\">. Mais au total, cela repr\u00e9sente pour nous un   <\/span><b>perte financi\u00e8re r\u00e9elle<\/b><span class=\"s2\">que nous ne pouvons pas compenser. Pour continuer \u00e0   <\/span><b>de garantir des prix \u00e9quitables et un service professionnel \u00e0 tous nos clients.<\/b><span class=\"s2\">Nous avons opt\u00e9 pour un syst\u00e8me <\/span><b>un syst\u00e8me clair, \u00e9quitable et transparent<\/b><span class=\"s2\"> Nous avons donc d\u00e9cid\u00e9 de mettre en place un syst\u00e8me de tarification \u00e9quitable :<\/span><\/p>\n<ul>\n<li class=\"p3\"><b>Les rendez-vous non honor\u00e9s seront syst\u00e9matiquement factur\u00e9s.<\/b><span class=\"s2\">Les rendez-vous ne sont pas factur\u00e9s, quelle que soit la raison de l&#8217;annulation.<\/span><\/li>\n<li class=\"p3\"><span class=\"s1\"><b>Un examen individuel de chaque cas n&#8217;est pas r\u00e9alisable<\/b><\/span>Il n&#8217;est pas possible d&#8217;examiner chaque cas individuellement, car cela ne serait ni \u00e9conomiquement viable ni \u00e9quitable pour les autres clients.<\/li>\n<li class=\"p3\"><b>En acceptant nos conditions g\u00e9n\u00e9rales, vous avez express\u00e9ment accept\u00e9 cette r\u00e8gle.<\/b><b><\/b><\/li>\n<\/ul>\n<p class=\"p1\">Cette r\u00e9glementation est <span class=\"s1\"><b>n&#8217;est pas une punition, mais une n\u00e9cessit\u00e9<\/b><\/span>afin de maintenir la stabilit\u00e9 \u00e9conomique de notre studio et de continuer \u00e0 offrir une <span class=\"s1\"><b>une exp\u00e9rience photographique de qualit\u00e9 \u00e0 un prix raisonnable.<\/b><\/span> pour offrir un service de qualit\u00e9.<\/p>\n<p class=\"p3\"><b>\ud83d\udd39 Que se passe-t-il maintenant ?<\/b><b><\/b><\/p>\n<ol>\n<li class=\"p4\"><b>Vous n&#8217;avez rien d&#8217;autre \u00e0 faire.<\/b><b><\/b><\/li>\n<li class=\"p4\"><b>Dans les 48 heures, vous recevrez la facture par e-mail.<\/b><b><\/b><\/li>\n<\/ol>\n<p class=\"p1\">Nous vous remercions de votre compr\u00e9hension et nous nous r\u00e9jouissons de vous accueillir \u00e0 une nouvelle date ! \ud83d\ude4f<\/p>\n<p>[\/vc_column_text][vc_empty_space height=&#8221;50&#8243;][\/vc_column][vc_column width=&#8221;1\/2&#8243;]<div  class=\"wpb_content_element   clearfix\"><style type=\"text\/css\">#ut_am_69f37dec81340 { opacity: 1; }#ut_am_wrap_69f37dec81342 .ut-image-gallery-item-caption-title h3 { letter-spacing: 0em; }#ut_am_wrap_69f37dec81342 .ut-gallery-slider-caption { font-weight: bold; }#ut_am_wrap_69f37dec81342 { text-align: left; }@media (min-width: 768px) and (max-width: 1024px) { #ut_am_wrap_69f37dec81342 { text-align: left !important; } }@media (max-width: 767px) { #ut_am_wrap_69f37dec81342 { text-align: center !important; } }<\/style><div id=\"ut_am_wrap_69f37dec81342\" class=\"ut-image-gallery-image \"><div id=\"ut_reveal_69f37dec81343\"  data-appear-top-offset=\"auto\" class=\"ut-animated-image-item ut-image-gallery-item ut-animation-done \"><a class=\"ut-deactivated-link\" href=\"#\"><div class=\"ut-animated-image-zoom\"><img decoding=\"async\" class=\"ut-lazy skip-lazy ut-animated-image \" id=\"ut_am_69f37dec81340\" src=\"data:image\/svg+xml;charset=utf-8,%3Csvg xmlns%3D&#039;http%3A%2F%2Fwww.w3.org%2F2000%2Fsvg&#039; viewBox%3D&#039;0 0 1920 1282&#039;%2F%3E\" data-src=\"https:\/\/select-fotostudio.ch\/wp-content\/uploads\/2024\/11\/Studio_Zuerich_8.jpg\" width=\"1920\" height=\"1282\" alt=\"\" title=\"\"><\/div><\/a><\/div><\/div><\/div>[\/vc_column][\/vc_row][\/vc_section]<\/p>\n<\/div>","protected":false},"excerpt":{"rendered":"<p>[vc_section css=&#8221;.vc_custom_1732635031900{background-color: linear-gradient(to bottom, #000000 0%, #2a2c2f 100%) !important;}&#8221;][vc_row css=&#8221;.vc_custom_1732635362089{margin-top: 0px !important;margin-bottom: 0px !important;padding-top: 0px !important;padding-bottom: 0px !important;}&#8221; el_class=&#8221;light&#8221;][vc_column width=&#8221;2\/3&#8243; css=&#8221;.vc_custom_1720600755249{margin-bottom: 0px !important;padding-top: 3% !important;padding-bottom: 0px !important;}&#8221;][vc_column_text css=&#8221;.vc_custom_1741906532800{margin-bottom: 2vh !important;padding-bottom: 0px !important;}&#8221;] NoShow ou annulation de rendez-vous \u00e0 court terme [\/vc_column_text][vc_column_text css=&#8221;.vc_custom_1741906556626{padding-bottom: 2% !important;}&#8221;] Noshow ou annulation moins de 4 heures avant le d\u00e9but du [&hellip;]<\/p>\n","protected":false},"author":1,"featured_media":0,"parent":0,"menu_order":0,"comment_status":"closed","ping_status":"closed","template":"","meta":{"footnotes":""},"class_list":["post-7684","page","type-page","status-publish","hentry"],"_links":{"self":[{"href":"https:\/\/select-fotostudio.ch\/fr\/wp-json\/wp\/v2\/pages\/7684","targetHints":{"allow":["GET"]}}],"collection":[{"href":"https:\/\/select-fotostudio.ch\/fr\/wp-json\/wp\/v2\/pages"}],"about":[{"href":"https:\/\/select-fotostudio.ch\/fr\/wp-json\/wp\/v2\/types\/page"}],"author":[{"embeddable":true,"href":"https:\/\/select-fotostudio.ch\/fr\/wp-json\/wp\/v2\/users\/1"}],"replies":[{"embeddable":true,"href":"https:\/\/select-fotostudio.ch\/fr\/wp-json\/wp\/v2\/comments?post=7684"}],"version-history":[{"count":0,"href":"https:\/\/select-fotostudio.ch\/fr\/wp-json\/wp\/v2\/pages\/7684\/revisions"}],"wp:attachment":[{"href":"https:\/\/select-fotostudio.ch\/fr\/wp-json\/wp\/v2\/media?parent=7684"}],"curies":[{"name":"wp","href":"https:\/\/api.w.org\/{rel}","templated":true}]}}

No-show ou annulation de rendez-vous à court terme

<div class="wpb-content-wrapper"><p>[vc_section css=&#8221;.vc_custom_1732635031900{background-color: linear-gradient(to bottom, #000000 0%, #2a2c2f 100%) !important;}&#8221;][vc_row css=&#8221;.vc_custom_1732635362089{margin-top: 0px !important;margin-bottom: 0px !important;padding-top: 0px !important;padding-bottom: 0px !important;}&#8221; el_class=&#8221;light&#8221;][vc_column width=&#8221;2/3&#8243; css=&#8221;.vc_custom_1720600755249{margin-bottom: 0px !important;padding-top: 3% !important;padding-bottom: 0px !important;}&#8221;][vc_column_text css=&#8221;.vc_custom_1741906532800{margin-bottom: 2vh !important;padding-bottom: 0px !important;}&#8221;]</p>
<h1 style="text-align: left;">NoShow ou annulation de rendez-vous à court terme</h1>
<p>[/vc_column_text][vc_column_text css=&#8221;.vc_custom_1741906556626{padding-bottom: 2% !important;}&#8221;]</p>
<p style="text-align: left;"><em><span style="color: #ffcc00;"><b>Noshow ou annulation moins de 4 heures avant le début du shooting</b></span></em></p>
<p>[/vc_column_text][/vc_column][vc_column width=&#8221;1/3&#8243;][/vc_column][/vc_row][vc_row full_width=&#8221;&#8221; el_class=&#8221;light&#8221; css=&#8221;.vc_custom_1741906688458{margin-top: 25px !important;padding-top: 0px !important;}&#8221;][vc_column width=&#8221;1/2&#8243;][vc_column_text css=&#8221;.vc_custom_1741907162466{margin-bottom: 0px !important;}&#8221;]</p>
<p class="p1">Il n&#8217;est malheureusement <strong>plus possible</strong> de l&#8217;annuler ou de la reporter.</p>
<h4 class="p1"><b>📌 Pourquoi cela ?</b><b></b></h4>
<p class="p1">Nous comprenons que des situations inattendues peuvent se produire &#8211; cela arrive. En même temps, nous sommes un <span class="s1"><b>jeune studio de photographie</b></span>qui met l&#8217;accent sur <span class="s1"><b>des prix justes</b></span> nous nous engageons. <span class="s2">Malheureusement, nous sommes confrontés </span><b>quotidiennement à des no-shows</b><span class="s2">, ce qui est pour nous comparable à une </span><b>chambre d&#8217;hôtel qui reste vide ou à une table de restaurant qui a été réservée mais qui reste inoccupée</b>.  <span class="s2">. Les dommages restent à notre charge :   </span><b>Notre équipe est sur place, l&#8217;infrastructure du studio est prête, les salaires sont en cours &#8211; mais le rendez-vous n&#8217;est pas honoré.</b><b></b></p>
<h4 class="p4"><b>Pourquoi nous avons besoin d&#8217;une réglementation claire</b><b></b></h4>
<p class="p3"><span class="s2">Chaque refus a des raisons individuelles que nous </span><b>sont bien entendu compréhensibles</b><span class="s2">. Mais au total, cela représente pour nous un   </span><b>perte financière réelle</b><span class="s2">que nous ne pouvons pas compenser. Pour continuer à   </span><b>de garantir des prix équitables et un service professionnel à tous nos clients.</b><span class="s2">Nous avons opté pour un système </span><b>un système clair, équitable et transparent</b><span class="s2"> Nous avons donc décidé de mettre en place un système de tarification équitable :</span></p>
<ul>
<li class="p3"><b>Les rendez-vous non honorés seront systématiquement facturés.</b><span class="s2">Les rendez-vous ne sont pas facturés, quelle que soit la raison de l&#8217;annulation.</span></li>
<li class="p3"><span class="s1"><b>Un examen individuel de chaque cas n&#8217;est pas réalisable</b></span>Il n&#8217;est pas possible d&#8217;examiner chaque cas individuellement, car cela ne serait ni économiquement viable ni équitable pour les autres clients.</li>
<li class="p3"><b>En acceptant nos conditions générales, vous avez expressément accepté cette règle.</b><b></b></li>
</ul>
<p class="p1">Cette réglementation est <span class="s1"><b>n&#8217;est pas une punition, mais une nécessité</b></span>afin de maintenir la stabilité économique de notre studio et de continuer à offrir une <span class="s1"><b>une expérience photographique de qualité à un prix raisonnable.</b></span> pour offrir un service de qualité.</p>
<p class="p3"><b>🔹 Que se passe-t-il maintenant ?</b><b></b></p>
<ol>
<li class="p4"><b>Vous n&#8217;avez rien d&#8217;autre à faire.</b><b></b></li>
<li class="p4"><b>Dans les 48 heures, vous recevrez la facture par e-mail.</b><b></b></li>
</ol>
<p class="p1">Nous vous remercions de votre compréhension et nous nous réjouissons de vous accueillir à une nouvelle date ! 🙏</p>
<p>[/vc_column_text][vc_empty_space height=&#8221;50&#8243;][/vc_column][vc_column width=&#8221;1/2&#8243;]<div  class="wpb_content_element   clearfix"><style type="text/css">#ut_am_69f37dec81340 { opacity: 1; }#ut_am_wrap_69f37dec81342 .ut-image-gallery-item-caption-title h3 { letter-spacing: 0em; }#ut_am_wrap_69f37dec81342 .ut-gallery-slider-caption { font-weight: bold; }#ut_am_wrap_69f37dec81342 { text-align: left; }@media (min-width: 768px) and (max-width: 1024px) { #ut_am_wrap_69f37dec81342 { text-align: left !important; } }@media (max-width: 767px) { #ut_am_wrap_69f37dec81342 { text-align: center !important; } }</style><div id="ut_am_wrap_69f37dec81342" class="ut-image-gallery-image "><div id="ut_reveal_69f37dec81343"  data-appear-top-offset="auto" class="ut-animated-image-item ut-image-gallery-item ut-animation-done "><a class="ut-deactivated-link" href="#"><div class="ut-animated-image-zoom"><img decoding="async" class="ut-lazy skip-lazy ut-animated-image " id="ut_am_69f37dec81340" src="data:image/svg+xml;charset=utf-8,%3Csvg xmlns%3D&#039;http%3A%2F%2Fwww.w3.org%2F2000%2Fsvg&#039; viewBox%3D&#039;0 0 1920 1282&#039;%2F%3E" data-src="https://select-fotostudio.ch/wp-content/uploads/2024/11/Studio_Zuerich_8.jpg" width="1920" height="1282" alt="" title=""></div></a></div></div></div>[/vc_column][/vc_row][/vc_section]</p>
</div>

<p>[vc_section css=&#8221;.vc_custom_1732635031900{background-color: linear-gradient(to bottom, #000000 0%, #2a2c2f 100%) !important;}&#8221;][vc_row css=&#8221;.vc_custom_1732635362089{margin-top: 0px !important;margin-bottom: 0px !important;padding-top: 0px !important;padding-bottom: 0px !important;}&#8221; el_class=&#8221;light&#8221;][vc_column width=&#8221;2/3&#8243; css=&#8221;.vc_custom_1720600755249{margin-bottom: 0px !important;padding-top: 3% !important;padding-bottom: 0px !important;}&#8221;][vc_column_text css=&#8221;.vc_custom_1741906532800{margin-bottom: 2vh !important;padding-bottom: 0px !important;}&#8221;] NoShow ou annulation de rendez-vous à court terme [/vc_column_text][vc_column_text css=&#8221;.vc_custom_1741906556626{padding-bottom: 2% !important;}&#8221;] Noshow ou annulation moins de 4 heures avant le début du [&hellip;]</p>
