{"id":7726,"date":"2025-03-28T09:20:57","date_gmt":"2025-03-28T09:20:57","guid":{"rendered":"https:\/\/select-fotostudio.ch\/job-bewerbung-office\/"},"modified":"2025-04-08T09:28:47","modified_gmt":"2025-04-08T09:28:47","slug":"job-bewerbung-office","status":"publish","type":"page","link":"https:\/\/select-fotostudio.ch\/fr\/job-bewerbung-office\/","title":{"rendered":"Formulaire d&#8217;emploi Office Manager*in"},"content":{"rendered":"<div class=\"wpb-content-wrapper\"><p>[vc_section bklyn_overlay=&#8221;true&#8221; css=&#8221;.vc_custom_1716974568295{margin-top: 0px !important;margin-right: 0px !important;margin-bottom: 0px !important;padding-top: 0px !important;padding-right: 0px !important;padding-bottom: 0px !important;background-color: #fedb78 !important;}&#8221;][vc_row full_width=&#8221;stretch_row_content_no_spaces&#8221; gap=&#8221;1&#8243; equal_height=&#8221;yes&#8221; content_placement=&#8221;middle&#8221; css=&#8221;.vc_custom_1581444687233{margin-right: 0px !important;margin-bottom: 0px !important;padding-right: 0px !important;padding-bottom: 0px !important;}&#8221;][vc_column width=&#8221;1\/2&#8243; offset=&#8221;vc_col-lg-offset-2 vc_col-lg-4 vc_col-md-offset-2 vc_col-md-4 vc_col-sm-offset-2 vc_col-sm-8 vc_col-xs-offset-2 vc_col-xs-8&#8243;][vc_empty_space height=&#8221;30px&#8221; tablet_height=&#8221;110px&#8221; mobile_height=&#8221;130px&#8221;][vc_column_text css=&#8221;&#8221;]<\/p>\n<h2 style=\"color: #000;\">postulez maintenant !<\/h2>\n<p>Nous nous r\u00e9jouissons de votre candidature courte et passionnante. Veuillez noter que seules les candidatures envoy\u00e9es via ce formulaire seront examin\u00e9es. <\/p>\n<p>Nous vous attendons avec impatience ![\/vc_column_text][\/vc_column][vc_column width=&#8221;1\/2&#8243; offset=&#8221;vc_col-lg-6 vc_col-md-6 vc_col-sm-12 vc_col-xs-12&#8243; css=&#8221;.vc_custom_1581444356308{margin: 0px !important;padding: 0px !important;}&#8221;]<div  class=\"wpb_content_element   vc_custom_1716974554198 clearfix\"><style type=\"text\/css\">#ut_am_69f5bcae30582 { opacity: 1; }#ut_am_wrap_69f5bcae30583 .ut-image-gallery-item-caption-title h3 { letter-spacing: 0em; }#ut_am_wrap_69f5bcae30583 .ut-gallery-slider-caption { font-weight: bold; }#ut_am_wrap_69f5bcae30583 { text-align: center; }@media (min-width: 768px) and (max-width: 1024px) { #ut_am_wrap_69f5bcae30583 { text-align: center !important; } }@media (max-width: 767px) { #ut_am_wrap_69f5bcae30583 { text-align: center !important; } }<\/style><div id=\"ut_am_wrap_69f5bcae30583\" class=\"ut-image-gallery-image \"><div id=\"ut_reveal_69f5bcae30584\"  data-appear-top-offset=\"auto\" class=\"ut-animated-image-item ut-image-gallery-item ut-animation-done \"><a class=\"ut-deactivated-link\" href=\"#\"><div class=\"ut-animated-image-zoom\"><img decoding=\"async\" class=\"ut-lazy skip-lazy ut-animated-image \" id=\"ut_am_69f5bcae30582\" src=\"data:image\/svg+xml;charset=utf-8,%3Csvg xmlns%3D&#039;http%3A%2F%2Fwww.w3.org%2F2000%2Fsvg&#039; viewBox%3D&#039;0 0 1024 600&#039;%2F%3E\" data-src=\"https:\/\/select-fotostudio.ch\/wp-content\/uploads\/2024\/05\/select_image_section_jobs_banner-Kopie-1.png\" width=\"1024\" height=\"\" alt=\"\" title=\"\"><\/div><\/a><\/div><\/div><\/div>[\/vc_column][\/vc_row][\/vc_section][vc_section full_width=&#8221;&#8221; content_placement=&#8221;top&#8221; bklyn_overlay=&#8221;true&#8221; css=&#8221;.vc_custom_1718029393696{padding-top: 8% !important;padding-bottom: 8% !important;}&#8221;][vc_row gap=&#8221;25&#8243;][vc_column width=&#8221;2\/3&#8243; offset=&#8221;vc_col-lg-8 vc_col-md-10 vc_col-sm-12&#8243;][vc_row_inner][vc_column_inner css=&#8221;.vc_custom_1718028804747{background-color: #fae9ae !important;border-radius: 10px !important;}&#8221;][vc_column_text css=&#8221;&#8221;]<\/p>\n<h2 style=\"color: #000;\">Merci de votre int\u00e9r\u00eat<\/h2>\n<p>Actuellement, tous les postes sont pourvus.[\/vc_column_text][\/vc_column_inner][\/vc_row_inner][\/vc_column][vc_column width=&#8221;1\/3&#8243;][vc_column_text css=&#8221;&#8221;]<\/p>\n<h2 style=\"color: #000;\">bon \u00e0 savoir<\/h2>\n<p>Si vous avez des questions, vous pouvez nous contacter \u00e0 <a href=\"mailto:work@select-fotostudio.ch\"><strong>work@select-fotostudio.ch<\/strong><\/a>.<\/p>\n<p><span style=\"color: #ff0000;\">Notre \u00e9quipe de bureau ne peut pas fournir de renseignements sur les questions RH par t\u00e9l\u00e9phone.<br \/>\n<strong>Veuillez nous contacter uniquement par e-mail <\/strong>.  <\/span>[\/vc_column_text][\/vc_column][\/vc_row][\/vc_section]<\/p>\n<\/div>","protected":false},"excerpt":{"rendered":"<p>[vc_section bklyn_overlay=&#8221;true&#8221; css=&#8221;.vc_custom_1716974568295{margin-top: 0px !important;margin-right: 0px !important;margin-bottom: 0px !important;padding-top: 0px !important;padding-right: 0px !important;padding-bottom: 0px !important;background-color: #fedb78 !important;}&#8221;][vc_row full_width=&#8221;stretch_row_content_no_spaces&#8221; gap=&#8221;1&#8243; equal_height=&#8221;yes&#8221; content_placement=&#8221;middle&#8221; css=&#8221;.vc_custom_1581444687233{margin-right: 0px !important;margin-bottom: 0px !important;padding-right: 0px !important;padding-bottom: 0px !important;}&#8221;][vc_column width=&#8221;1\/2&#8243; offset=&#8221;vc_col-lg-offset-2 vc_col-lg-4 vc_col-md-offset-2 vc_col-md-4 vc_col-sm-offset-2 vc_col-sm-8 vc_col-xs-offset-2 vc_col-xs-8&#8243;][vc_empty_space height=&#8221;30px&#8221; tablet_height=&#8221;110px&#8221; mobile_height=&#8221;130px&#8221;][vc_column_text css=&#8221;&#8221;] postulez maintenant ! Nous nous r\u00e9jouissons de votre candidature courte et passionnante. [&hellip;]<\/p>\n","protected":false},"author":2,"featured_media":0,"parent":0,"menu_order":0,"comment_status":"closed","ping_status":"closed","template":"","meta":{"footnotes":""},"class_list":["post-7726","page","type-page","status-publish","hentry"],"_links":{"self":[{"href":"https:\/\/select-fotostudio.ch\/fr\/wp-json\/wp\/v2\/pages\/7726","targetHints":{"allow":["GET"]}}],"collection":[{"href":"https:\/\/select-fotostudio.ch\/fr\/wp-json\/wp\/v2\/pages"}],"about":[{"href":"https:\/\/select-fotostudio.ch\/fr\/wp-json\/wp\/v2\/types\/page"}],"author":[{"embeddable":true,"href":"https:\/\/select-fotostudio.ch\/fr\/wp-json\/wp\/v2\/users\/2"}],"replies":[{"embeddable":true,"href":"https:\/\/select-fotostudio.ch\/fr\/wp-json\/wp\/v2\/comments?post=7726"}],"version-history":[{"count":0,"href":"https:\/\/select-fotostudio.ch\/fr\/wp-json\/wp\/v2\/pages\/7726\/revisions"}],"wp:attachment":[{"href":"https:\/\/select-fotostudio.ch\/fr\/wp-json\/wp\/v2\/media?parent=7726"}],"curies":[{"name":"wp","href":"https:\/\/api.w.org\/{rel}","templated":true}]}}

<div class="wpb-content-wrapper"><p>[vc_section bklyn_overlay=&#8221;true&#8221; css=&#8221;.vc_custom_1716974568295{margin-top: 0px !important;margin-right: 0px !important;margin-bottom: 0px !important;padding-top: 0px !important;padding-right: 0px !important;padding-bottom: 0px !important;background-color: #fedb78 !important;}&#8221;][vc_row full_width=&#8221;stretch_row_content_no_spaces&#8221; gap=&#8221;1&#8243; equal_height=&#8221;yes&#8221; content_placement=&#8221;middle&#8221; css=&#8221;.vc_custom_1581444687233{margin-right: 0px !important;margin-bottom: 0px !important;padding-right: 0px !important;padding-bottom: 0px !important;}&#8221;][vc_column width=&#8221;1/2&#8243; offset=&#8221;vc_col-lg-offset-2 vc_col-lg-4 vc_col-md-offset-2 vc_col-md-4 vc_col-sm-offset-2 vc_col-sm-8 vc_col-xs-offset-2 vc_col-xs-8&#8243;][vc_empty_space height=&#8221;30px&#8221; tablet_height=&#8221;110px&#8221; mobile_height=&#8221;130px&#8221;][vc_column_text css=&#8221;&#8221;]</p>
<h2 style="color: #000;">postulez maintenant !</h2>
<p>Nous nous réjouissons de votre candidature courte et passionnante. Veuillez noter que seules les candidatures envoyées via ce formulaire seront examinées. </p>
<p>Nous vous attendons avec impatience ![/vc_column_text][/vc_column][vc_column width=&#8221;1/2&#8243; offset=&#8221;vc_col-lg-6 vc_col-md-6 vc_col-sm-12 vc_col-xs-12&#8243; css=&#8221;.vc_custom_1581444356308{margin: 0px !important;padding: 0px !important;}&#8221;]<div  class="wpb_content_element   vc_custom_1716974554198 clearfix"><style type="text/css">#ut_am_69f5bcae30582 { opacity: 1; }#ut_am_wrap_69f5bcae30583 .ut-image-gallery-item-caption-title h3 { letter-spacing: 0em; }#ut_am_wrap_69f5bcae30583 .ut-gallery-slider-caption { font-weight: bold; }#ut_am_wrap_69f5bcae30583 { text-align: center; }@media (min-width: 768px) and (max-width: 1024px) { #ut_am_wrap_69f5bcae30583 { text-align: center !important; } }@media (max-width: 767px) { #ut_am_wrap_69f5bcae30583 { text-align: center !important; } }</style><div id="ut_am_wrap_69f5bcae30583" class="ut-image-gallery-image "><div id="ut_reveal_69f5bcae30584"  data-appear-top-offset="auto" class="ut-animated-image-item ut-image-gallery-item ut-animation-done "><a class="ut-deactivated-link" href="#"><div class="ut-animated-image-zoom"><img decoding="async" class="ut-lazy skip-lazy ut-animated-image " id="ut_am_69f5bcae30582" src="data:image/svg+xml;charset=utf-8,%3Csvg xmlns%3D&#039;http%3A%2F%2Fwww.w3.org%2F2000%2Fsvg&#039; viewBox%3D&#039;0 0 1024 600&#039;%2F%3E" data-src="https://select-fotostudio.ch/wp-content/uploads/2024/05/select_image_section_jobs_banner-Kopie-1.png" width="1024" height="" alt="" title=""></div></a></div></div></div>[/vc_column][/vc_row][/vc_section][vc_section full_width=&#8221;&#8221; content_placement=&#8221;top&#8221; bklyn_overlay=&#8221;true&#8221; css=&#8221;.vc_custom_1718029393696{padding-top: 8% !important;padding-bottom: 8% !important;}&#8221;][vc_row gap=&#8221;25&#8243;][vc_column width=&#8221;2/3&#8243; offset=&#8221;vc_col-lg-8 vc_col-md-10 vc_col-sm-12&#8243;][vc_row_inner][vc_column_inner css=&#8221;.vc_custom_1718028804747{background-color: #fae9ae !important;border-radius: 10px !important;}&#8221;][vc_column_text css=&#8221;&#8221;]</p>
<h2 style="color: #000;">Merci de votre intérêt</h2>
<p>Actuellement, tous les postes sont pourvus.[/vc_column_text][/vc_column_inner][/vc_row_inner][/vc_column][vc_column width=&#8221;1/3&#8243;][vc_column_text css=&#8221;&#8221;]</p>
<h2 style="color: #000;">bon à savoir</h2>
<p>Si vous avez des questions, vous pouvez nous contacter à <a href="mailto:work@select-fotostudio.ch"><strong>work@select-fotostudio.ch</strong></a>.</p>
<p><span style="color: #ff0000;">Notre équipe de bureau ne peut pas fournir de renseignements sur les questions RH par téléphone.<br />
<strong>Veuillez nous contacter uniquement par e-mail </strong>.  </span>[/vc_column_text][/vc_column][/vc_row][/vc_section]</p>
</div>

<p>[vc_section bklyn_overlay=&#8221;true&#8221; css=&#8221;.vc_custom_1716974568295{margin-top: 0px !important;margin-right: 0px !important;margin-bottom: 0px !important;padding-top: 0px !important;padding-right: 0px !important;padding-bottom: 0px !important;background-color: #fedb78 !important;}&#8221;][vc_row full_width=&#8221;stretch_row_content_no_spaces&#8221; gap=&#8221;1&#8243; equal_height=&#8221;yes&#8221; content_placement=&#8221;middle&#8221; css=&#8221;.vc_custom_1581444687233{margin-right: 0px !important;margin-bottom: 0px !important;padding-right: 0px !important;padding-bottom: 0px !important;}&#8221;][vc_column width=&#8221;1/2&#8243; offset=&#8221;vc_col-lg-offset-2 vc_col-lg-4 vc_col-md-offset-2 vc_col-md-4 vc_col-sm-offset-2 vc_col-sm-8 vc_col-xs-offset-2 vc_col-xs-8&#8243;][vc_empty_space height=&#8221;30px&#8221; tablet_height=&#8221;110px&#8221; mobile_height=&#8221;130px&#8221;][vc_column_text css=&#8221;&#8221;] postulez maintenant ! Nous nous réjouissons de votre candidature courte et passionnante. [&hellip;]</p>
