{"id":8003,"date":"2025-03-28T09:23:37","date_gmt":"2025-03-28T09:23:37","guid":{"rendered":"https:\/\/select-fotostudio.ch\/workshops\/portrait-kurs\/"},"modified":"2025-04-08T09:24:45","modified_gmt":"2025-04-08T09:24:45","slug":"portrait-kurs","status":"publish","type":"page","link":"https:\/\/select-fotostudio.ch\/fr\/workshops\/portrait-kurs\/","title":{"rendered":"Atelier Portrait"},"content":{"rendered":"<div class=\"wpb-content-wrapper\"><p>[vc_section][vc_row][vc_column][vc_empty_space height=&#8221;10px&#8221;][vc_separator color=&#8221;custom&#8221; align=&#8221;align_left&#8221; border_width=&#8221;3&#8243; el_width=&#8221;10&#8243; accent_color=&#8221;#ffd600&#8243;][vc_column_text]<\/p>\n<h2>Photographie de portrait<\/h2>\n<h3>Nous vous montrons comment faire de bons portraits !<\/h3>\n<p>Appareil photo, lumi\u00e8res et arri\u00e8re-plans. Apprenez des conseils et astuces professionnels pour r\u00e9aliser de meilleurs portraits en studio.[\/vc_column_text][\/vc_column][\/vc_row][\/vc_section][vc_section bklyn_overlay=&#8221;true&#8221; css=&#8221;.vc_custom_1581423430778{padding-top: 0px !important;}&#8221;][vc_row gap=&#8221;10&#8243; equal_height=&#8221;yes&#8221; content_placement=&#8221;middle&#8221;][vc_column width=&#8221;1\/2&#8243; css=&#8221;.vc_custom_1581425817296{background-color: #ffd502 !important;}&#8221; offset=&#8221;vc_col-lg-6 vc_col-md-6 vc_col-sm-12 vc_col-xs-12&#8243;][vc_empty_space height=&#8221;5px&#8221; tablet_height=&#8221;10px&#8221; mobile_height=&#8221;5px&#8221;][vc_column_text]<\/p>\n<h1 style=\"color: #000;\">D\u00e9tails du cours<\/h1>\n<p><strong>Num\u00e9ro de cours :<\/strong> SEL-194<br \/>\n<strong>Dur\u00e9e du cours :<\/strong> environ 3 heures<br \/>\n<strong>Type de cours :<\/strong> Photo studio<br \/>\n<strong>Instructeur de cours :<\/strong> Vera Elma Vacek<br \/>\n<strong>Nombre de participants :<\/strong> 4-8 personnes<br \/>\n<strong>Date limite d&#8217;inscription :<\/strong> dans chaque cas jusqu&#8217;\u00e0 3 jours avant[\/vc_column_text][vc_column_text]Vous avez une fascination pour les visages humains et souhaitez apprendre \u00e0 r\u00e9aliser des portraits professionnels ?<\/p>\n<p>Dans notre studio, vous apprendrez de nos photographes exp\u00e9riment\u00e9s comment cr\u00e9er des effets en changeant la lumi\u00e8re et en utilisant diff\u00e9rents arri\u00e8re-plans et comment mettre en valeur les \u00e9motions du mod\u00e8le.<\/p>\n<p><strong>Vous l&#8217;apprendrez avec nous :<\/strong><\/p>\n<ul>\n<li>Ce \u00e0 quoi il faut faire attention en photographie de portrait ; lumi\u00e8re, ombres, perspective, d\u00e9tail de l&#8217;image, avant-plan, arri\u00e8re-plan, mouvement<\/li>\n<li>Quels sont les bons param\u00e8tres de l&#8217;appareil photo ?<\/li>\n<li>Configuration du studio<\/li>\n<li>Travailler avec un mod\u00e8le<\/li>\n<li>Conseils et astuces d&#8217;un professionnel<\/li>\n<\/ul>\n<p><strong>Ce qu&#8217;il faut apporter au cours :<\/strong><\/p>\n<ul>\n<li>Votre propre appareil photo (SLR ou appareil syst\u00e8me)<\/li>\n<\/ul>\n<p><strong>Les ateliers ne sont possibles que sur inscription pr\u00e9alable !<\/strong>[\/vc_column_text][vc_empty_space height=&#8221;15px&#8221;]<style type=\"text\/css\">#bklyn_btn_69f573d554446 .bklyn-btn { color:#000000 !important; border-color:#000000 !important; border-width:2px !important; background-color:transparent !important; }#bklyn_btn_69f573d554446 .bklyn-btn:hover{ color:#ffffff !important; background-color:#000000 !important; }#bklyn_btn_69f573d554446 .bklyn-btn:focus{ color:#ffffff !important; background-color:#000000 !important; }#bklyn_btn_69f573d554446 .bklyn-btn:active { color:#ffffff !important; background-color:#000000 !important; }#bklyn_btn_69f573d554446.bklyn-btn-holder a { padding-top:8px;padding-bottom:8px }<\/style><div id=\"bklyn_btn_69f573d554446\" class=\"bklyn-btn-holder  bklyn-btn-center bklyn-btn-tablet-center bklyn-btn-mobile-center bklyn-btn-holder-contains-fuild-button\"><a title=\"Inscription \u00e0 l&#039;atelier\"   href=\"https:\/\/select-fotostudio.ch\/workshop-anmeldung\/\" target=\"_self\" class=\"bklyn-btn  bklyn-btn-outline bklyn-btn-full bklyn-btn-normal\" ><span class=\"ut-btn-text\">POUR S&#039;INSCRIRE<\/span><\/a><\/div>[\/vc_column][vc_column width=&#8221;1\/2&#8243; css=&#8221;.vc_custom_1581441363549{background-color: #000000 !important;}&#8221; offset=&#8221;vc_col-lg-6 vc_col-md-6 vc_col-sm-12 vc_col-xs-12&#8243;]<div  class=\"wpb_content_element   clearfix\"><style type=\"text\/css\">#ut_am_69f573d5547cb { opacity: 1; }#ut_am_wrap_69f573d5547cc { text-align: center; }@media (min-width: 768px) and (max-width: 1024px) { #ut_am_wrap_69f573d5547cc { text-align: center !important; } }@media (max-width: 767px) { #ut_am_wrap_69f573d5547cc { text-align: center !important; } }<\/style><div id=\"ut_am_wrap_69f573d5547cc\" class=\"ut-image-gallery-image \"><div id=\"ut_reveal_69f573d5547cd\"  data-appear-top-offset=\"auto\" class=\"ut-animated-image-item ut-image-gallery-item ut-animation-done \"><a class=\"ut-deactivated-link\" href=\"#\"><div class=\"ut-animated-image-zoom\">\r\n        <div class=\"ut-element-glitch-wrap\">\r\n\r\n            \r\n        <style type=\"text\/css\">\r\n\r\n                        \r\n        @media (min-width: 1025px) {\r\n\r\n        #ut-element-glitch-69f573d5547ef151938418-474 .ut-glitch-single-element {\r\n                                            \r\n                }\r\n        }\r\n\r\n        @media (min-width: 768px) and (max-width: 1024px) {\r\n\r\n        #ut-element-glitch-69f573d5547ef151938418-474 .ut-glitch-single-element {\r\n                                                \r\n                    }\r\n        }\r\n\r\n        @media (max-width: 767px) {\r\n\r\n        #ut-element-glitch-69f573d5547ef151938418-474 .ut-glitch-single-element {\r\n                                                \r\n                    }\r\n        }\r\n\r\n        \r\n        <\/style>\r\n\r\n        \r\n            <div id=\"ut-element-glitch-69f573d5547ef151938418-474\" class=\" ut-element-glitch ut-glitch-none ut-element-glitch-permanent\">\r\n                <div class=\"ut-glitch-single-element ut-lozad skip-lazy\" data-background-image=\"https:\/\/select-fotostudio.ch\/wp-content\/uploads\/2020\/02\/Vera-Web.jpg\"><\/div>\r\n                <div class=\"ut-glitch-single-element ut-lozad skip-lazy\" data-background-image=\"https:\/\/select-fotostudio.ch\/wp-content\/uploads\/2020\/02\/Vera-Web.jpg\"><\/div>\r\n                <div class=\"ut-glitch-single-element ut-lozad skip-lazy\" data-background-image=\"https:\/\/select-fotostudio.ch\/wp-content\/uploads\/2020\/02\/Vera-Web.jpg\"><\/div>\r\n                <div class=\"ut-glitch-single-element ut-lozad skip-lazy\" data-background-image=\"https:\/\/select-fotostudio.ch\/wp-content\/uploads\/2020\/02\/Vera-Web.jpg\"><\/div>\r\n                <div class=\"ut-glitch-single-element ut-lozad skip-lazy\" data-background-image=\"https:\/\/select-fotostudio.ch\/wp-content\/uploads\/2020\/02\/Vera-Web.jpg\"><\/div>\r\n            <\/div>\r\n\r\n        <\/div>\r\n\r\n        <img decoding=\"async\" class=\"ut-lazy skip-lazy ut-animated-image \" id=\"ut_am_69f573d5547cb\" src=\"data:image\/svg+xml;charset=utf-8,%3Csvg xmlns%3D&#039;http%3A%2F%2Fwww.w3.org%2F2000%2Fsvg&#039; viewBox%3D&#039;0 0 400 400&#039;%2F%3E\" data-src=\"https:\/\/select-fotostudio.ch\/wp-content\/uploads\/2020\/02\/Vera-Web.jpg\" width=\"400\" height=\"400\" alt=\"Fotokurs Luzern, Bern, Z\u00fcrich\" title=\"\"><\/div><\/a><\/div><\/div><\/div>[vc_empty_space height=&#8221;20px&#8221; tablet_height=&#8221;10px&#8221; mobile_height=&#8221;5px&#8221;][vc_column_text]<\/p>\n<div class=\"page\" title=\"Page 2\">\n<div class=\"section\">\n<div class=\"layoutArea\">\n<div class=\"column\">\n<p><span style=\"color: #ffffff;\"><strong>Vera Elma Vacek<\/strong><\/span><\/p>\n<p><span style=\"color: #ffffff;\">Photographe<\/span><\/p>\n<p><span style=\"color: #ffffff;\">Reconna\u00eetre des sujets photog\u00e9niques exige un \u0153il exerc\u00e9. Vera Elma Vacek a fait tr\u00e8s t\u00f4t de son hobby son m\u00e9tier. En tant que directrice de studio chez Select, elle est responsable de la formation continue des photographes*. <\/span><\/p>\n<p><span style=\"color: #ffffff;\">Elle trouve passionnant de photographier des sujets sous diff\u00e9rentes perspectives et de visiter des lieux int\u00e9ressants d&#8217;un point de vue esth\u00e9tique. Vera vit \u00e0 Berne et \u00e9tudie la photographie \u00e0 l&#8217;\u00e9cole de design ES. <\/span><\/p>\n<\/div>\n<\/div>\n<\/div>\n<\/div>\n<p>[\/vc_column_text][\/vc_column][\/vc_row][\/vc_section][vc_section css=&#8221;.vc_custom_1581425063520{padding-top: 0px !important;}&#8221;][vc_row css=&#8221;.vc_custom_1581425468908{margin-top: 0px !important;margin-bottom: 0px !important;padding-top: 0px !important;padding-bottom: 0px !important;}&#8221;][vc_column css=&#8221;.vc_custom_1581425473932{margin-top: 0px !important;margin-bottom: 0px !important;padding-top: 0px !important;padding-bottom: 0px !important;}&#8221;][vc_empty_space height=&#8221;50px&#8221; tablet_height=&#8221;25px&#8221; mobile_height=&#8221;15px&#8221;][\/vc_column][\/vc_row][\/vc_section]<\/p>\n<\/div>","protected":false},"excerpt":{"rendered":"<p>[vc_section][vc_row][vc_column][vc_empty_space height=&#8221;10px&#8221;][vc_separator color=&#8221;custom&#8221; align=&#8221;align_left&#8221; border_width=&#8221;3&#8243; el_width=&#8221;10&#8243; accent_color=&#8221;#ffd600&#8243;][vc_column_text] Photographie de portrait Nous vous montrons comment faire de bons portraits ! Appareil photo, lumi\u00e8res et arri\u00e8re-plans. Apprenez des conseils et astuces professionnels pour r\u00e9aliser de meilleurs portraits en studio.[\/vc_column_text][\/vc_column][\/vc_row][\/vc_section][vc_section bklyn_overlay=&#8221;true&#8221; css=&#8221;.vc_custom_1581423430778{padding-top: 0px !important;}&#8221;][vc_row gap=&#8221;10&#8243; equal_height=&#8221;yes&#8221; content_placement=&#8221;middle&#8221;][vc_column width=&#8221;1\/2&#8243; css=&#8221;.vc_custom_1581425817296{background-color: #ffd502 !important;}&#8221; offset=&#8221;vc_col-lg-6 vc_col-md-6 vc_col-sm-12 vc_col-xs-12&#8243;][vc_empty_space height=&#8221;5px&#8221; tablet_height=&#8221;10px&#8221; mobile_height=&#8221;5px&#8221;][vc_column_text] [&hellip;]<\/p>\n","protected":false},"author":1,"featured_media":0,"parent":7979,"menu_order":0,"comment_status":"closed","ping_status":"closed","template":"","meta":{"footnotes":""},"class_list":["post-8003","page","type-page","status-publish","hentry"],"_links":{"self":[{"href":"https:\/\/select-fotostudio.ch\/fr\/wp-json\/wp\/v2\/pages\/8003","targetHints":{"allow":["GET"]}}],"collection":[{"href":"https:\/\/select-fotostudio.ch\/fr\/wp-json\/wp\/v2\/pages"}],"about":[{"href":"https:\/\/select-fotostudio.ch\/fr\/wp-json\/wp\/v2\/types\/page"}],"author":[{"embeddable":true,"href":"https:\/\/select-fotostudio.ch\/fr\/wp-json\/wp\/v2\/users\/1"}],"replies":[{"embeddable":true,"href":"https:\/\/select-fotostudio.ch\/fr\/wp-json\/wp\/v2\/comments?post=8003"}],"version-history":[{"count":0,"href":"https:\/\/select-fotostudio.ch\/fr\/wp-json\/wp\/v2\/pages\/8003\/revisions"}],"up":[{"embeddable":true,"href":"https:\/\/select-fotostudio.ch\/fr\/wp-json\/wp\/v2\/pages\/7979"}],"wp:attachment":[{"href":"https:\/\/select-fotostudio.ch\/fr\/wp-json\/wp\/v2\/media?parent=8003"}],"curies":[{"name":"wp","href":"https:\/\/api.w.org\/{rel}","templated":true}]}}

<div class="wpb-content-wrapper"><p>[vc_section][vc_row][vc_column][vc_empty_space height=&#8221;10px&#8221;][vc_separator color=&#8221;custom&#8221; align=&#8221;align_left&#8221; border_width=&#8221;3&#8243; el_width=&#8221;10&#8243; accent_color=&#8221;#ffd600&#8243;][vc_column_text]</p>
<h2>Photographie de portrait</h2>
<h3>Nous vous montrons comment faire de bons portraits !</h3>
<p>Appareil photo, lumières et arrière-plans. Apprenez des conseils et astuces professionnels pour réaliser de meilleurs portraits en studio.[/vc_column_text][/vc_column][/vc_row][/vc_section][vc_section bklyn_overlay=&#8221;true&#8221; css=&#8221;.vc_custom_1581423430778{padding-top: 0px !important;}&#8221;][vc_row gap=&#8221;10&#8243; equal_height=&#8221;yes&#8221; content_placement=&#8221;middle&#8221;][vc_column width=&#8221;1/2&#8243; css=&#8221;.vc_custom_1581425817296{background-color: #ffd502 !important;}&#8221; offset=&#8221;vc_col-lg-6 vc_col-md-6 vc_col-sm-12 vc_col-xs-12&#8243;][vc_empty_space height=&#8221;5px&#8221; tablet_height=&#8221;10px&#8221; mobile_height=&#8221;5px&#8221;][vc_column_text]</p>
<h1 style="color: #000;">Détails du cours</h1>
<p><strong>Numéro de cours :</strong> SEL-194<br />
<strong>Durée du cours :</strong> environ 3 heures<br />
<strong>Type de cours :</strong> Photo studio<br />
<strong>Instructeur de cours :</strong> Vera Elma Vacek<br />
<strong>Nombre de participants :</strong> 4-8 personnes<br />
<strong>Date limite d&#8217;inscription :</strong> dans chaque cas jusqu&#8217;à 3 jours avant[/vc_column_text][vc_column_text]Vous avez une fascination pour les visages humains et souhaitez apprendre à réaliser des portraits professionnels ?</p>
<p>Dans notre studio, vous apprendrez de nos photographes expérimentés comment créer des effets en changeant la lumière et en utilisant différents arrière-plans et comment mettre en valeur les émotions du modèle.</p>
<p><strong>Vous l&#8217;apprendrez avec nous :</strong></p>
<ul>
<li>Ce à quoi il faut faire attention en photographie de portrait ; lumière, ombres, perspective, détail de l&#8217;image, avant-plan, arrière-plan, mouvement</li>
<li>Quels sont les bons paramètres de l&#8217;appareil photo ?</li>
<li>Configuration du studio</li>
<li>Travailler avec un modèle</li>
<li>Conseils et astuces d&#8217;un professionnel</li>
</ul>
<p><strong>Ce qu&#8217;il faut apporter au cours :</strong></p>
<ul>
<li>Votre propre appareil photo (SLR ou appareil système)</li>
</ul>
<p><strong>Les ateliers ne sont possibles que sur inscription préalable !</strong>[/vc_column_text][vc_empty_space height=&#8221;15px&#8221;]<style type="text/css">#bklyn_btn_69f573d554446 .bklyn-btn { color:#000000 !important; border-color:#000000 !important; border-width:2px !important; background-color:transparent !important; }#bklyn_btn_69f573d554446 .bklyn-btn:hover{ color:#ffffff !important; background-color:#000000 !important; }#bklyn_btn_69f573d554446 .bklyn-btn:focus{ color:#ffffff !important; background-color:#000000 !important; }#bklyn_btn_69f573d554446 .bklyn-btn:active { color:#ffffff !important; background-color:#000000 !important; }#bklyn_btn_69f573d554446.bklyn-btn-holder a { padding-top:8px;padding-bottom:8px }</style><div id="bklyn_btn_69f573d554446" class="bklyn-btn-holder  bklyn-btn-center bklyn-btn-tablet-center bklyn-btn-mobile-center bklyn-btn-holder-contains-fuild-button"><a title="Inscription à l&#039;atelier"   href="https://select-fotostudio.ch/workshop-anmeldung/" target="_self" class="bklyn-btn  bklyn-btn-outline bklyn-btn-full bklyn-btn-normal" ><span class="ut-btn-text">POUR S&#039;INSCRIRE</span></a></div>[/vc_column][vc_column width=&#8221;1/2&#8243; css=&#8221;.vc_custom_1581441363549{background-color: #000000 !important;}&#8221; offset=&#8221;vc_col-lg-6 vc_col-md-6 vc_col-sm-12 vc_col-xs-12&#8243;]<div  class="wpb_content_element   clearfix"><style type="text/css">#ut_am_69f573d5547cb { opacity: 1; }#ut_am_wrap_69f573d5547cc { text-align: center; }@media (min-width: 768px) and (max-width: 1024px) { #ut_am_wrap_69f573d5547cc { text-align: center !important; } }@media (max-width: 767px) { #ut_am_wrap_69f573d5547cc { text-align: center !important; } }</style><div id="ut_am_wrap_69f573d5547cc" class="ut-image-gallery-image "><div id="ut_reveal_69f573d5547cd"  data-appear-top-offset="auto" class="ut-animated-image-item ut-image-gallery-item ut-animation-done "><a class="ut-deactivated-link" href="#"><div class="ut-animated-image-zoom">
        <div class="ut-element-glitch-wrap">

            
        <style type="text/css">

                        
        @media (min-width: 1025px) {

        #ut-element-glitch-69f573d5547ef151938418-474 .ut-glitch-single-element {
                                            
                }
        }

        @media (min-width: 768px) and (max-width: 1024px) {

        #ut-element-glitch-69f573d5547ef151938418-474 .ut-glitch-single-element {
                                                
                    }
        }

        @media (max-width: 767px) {

        #ut-element-glitch-69f573d5547ef151938418-474 .ut-glitch-single-element {
                                                
                    }
        }

        
        </style>

        
            <div id="ut-element-glitch-69f573d5547ef151938418-474" class=" ut-element-glitch ut-glitch-none ut-element-glitch-permanent">
                <div class="ut-glitch-single-element ut-lozad skip-lazy" data-background-image="https://select-fotostudio.ch/wp-content/uploads/2020/02/Vera-Web.jpg"></div>
                <div class="ut-glitch-single-element ut-lozad skip-lazy" data-background-image="https://select-fotostudio.ch/wp-content/uploads/2020/02/Vera-Web.jpg"></div>
                <div class="ut-glitch-single-element ut-lozad skip-lazy" data-background-image="https://select-fotostudio.ch/wp-content/uploads/2020/02/Vera-Web.jpg"></div>
                <div class="ut-glitch-single-element ut-lozad skip-lazy" data-background-image="https://select-fotostudio.ch/wp-content/uploads/2020/02/Vera-Web.jpg"></div>
                <div class="ut-glitch-single-element ut-lozad skip-lazy" data-background-image="https://select-fotostudio.ch/wp-content/uploads/2020/02/Vera-Web.jpg"></div>
            </div>

        </div>

        <img decoding="async" class="ut-lazy skip-lazy ut-animated-image " id="ut_am_69f573d5547cb" src="data:image/svg+xml;charset=utf-8,%3Csvg xmlns%3D&#039;http%3A%2F%2Fwww.w3.org%2F2000%2Fsvg&#039; viewBox%3D&#039;0 0 400 400&#039;%2F%3E" data-src="https://select-fotostudio.ch/wp-content/uploads/2020/02/Vera-Web.jpg" width="400" height="400" alt="Fotokurs Luzern, Bern, Zürich" title=""></div></a></div></div></div>[vc_empty_space height=&#8221;20px&#8221; tablet_height=&#8221;10px&#8221; mobile_height=&#8221;5px&#8221;][vc_column_text]</p>
<div class="page" title="Page 2">
<div class="section">
<div class="layoutArea">
<div class="column">
<p><span style="color: #ffffff;"><strong>Vera Elma Vacek</strong></span></p>
<p><span style="color: #ffffff;">Photographe</span></p>
<p><span style="color: #ffffff;">Reconnaître des sujets photogéniques exige un œil exercé. Vera Elma Vacek a fait très tôt de son hobby son métier. En tant que directrice de studio chez Select, elle est responsable de la formation continue des photographes*. </span></p>
<p><span style="color: #ffffff;">Elle trouve passionnant de photographier des sujets sous différentes perspectives et de visiter des lieux intéressants d&#8217;un point de vue esthétique. Vera vit à Berne et étudie la photographie à l&#8217;école de design ES. </span></p>
</div>
</div>
</div>
</div>
<p>[/vc_column_text][/vc_column][/vc_row][/vc_section][vc_section css=&#8221;.vc_custom_1581425063520{padding-top: 0px !important;}&#8221;][vc_row css=&#8221;.vc_custom_1581425468908{margin-top: 0px !important;margin-bottom: 0px !important;padding-top: 0px !important;padding-bottom: 0px !important;}&#8221;][vc_column css=&#8221;.vc_custom_1581425473932{margin-top: 0px !important;margin-bottom: 0px !important;padding-top: 0px !important;padding-bottom: 0px !important;}&#8221;][vc_empty_space height=&#8221;50px&#8221; tablet_height=&#8221;25px&#8221; mobile_height=&#8221;15px&#8221;][/vc_column][/vc_row][/vc_section]</p>
</div>

<p>[vc_section][vc_row][vc_column][vc_empty_space height=&#8221;10px&#8221;][vc_separator color=&#8221;custom&#8221; align=&#8221;align_left&#8221; border_width=&#8221;3&#8243; el_width=&#8221;10&#8243; accent_color=&#8221;#ffd600&#8243;][vc_column_text] Photographie de portrait Nous vous montrons comment faire de bons portraits ! Appareil photo, lumières et arrière-plans. Apprenez des conseils et astuces professionnels pour réaliser de meilleurs portraits en studio.[/vc_column_text][/vc_column][/vc_row][/vc_section][vc_section bklyn_overlay=&#8221;true&#8221; css=&#8221;.vc_custom_1581423430778{padding-top: 0px !important;}&#8221;][vc_row gap=&#8221;10&#8243; equal_height=&#8221;yes&#8221; content_placement=&#8221;middle&#8221;][vc_column width=&#8221;1/2&#8243; css=&#8221;.vc_custom_1581425817296{background-color: #ffd502 !important;}&#8221; offset=&#8221;vc_col-lg-6 vc_col-md-6 vc_col-sm-12 vc_col-xs-12&#8243;][vc_empty_space height=&#8221;5px&#8221; tablet_height=&#8221;10px&#8221; mobile_height=&#8221;5px&#8221;][vc_column_text] [&hellip;]</p>
